{"id":9204,"date":"2023-05-26T12:27:39","date_gmt":"2023-05-26T12:27:39","guid":{"rendered":"https:\/\/www.szkolenieparalotniowe.pl\/?page_id=9204"},"modified":"2025-12-05T13:56:14","modified_gmt":"2025-12-05T13:56:14","slug":"terminarz","status":"publish","type":"page","link":"https:\/\/www.szkolenieparalotniowe.pl\/index.php\/terminarz\/","title":{"rendered":"Terminarz"},"content":{"rendered":"\t\t<div data-elementor-type=\"wp-page\" data-elementor-id=\"9204\" class=\"elementor elementor-9204\">\n\t\t\t\t\t\t<section class=\"elementor-section elementor-top-section elementor-element elementor-element-4aa52333 elementor-section-full_width elementor-section-height-default elementor-section-height-default\" data-id=\"4aa52333\" data-element_type=\"section\" data-e-type=\"section\" data-settings=\"{&quot;background_background&quot;:&quot;classic&quot;}\">\n\t\t\t\t\t\t<div class=\"elementor-container elementor-column-gap-default\">\n\t\t\t\t\t<div class=\"elementor-column elementor-col-100 elementor-top-column elementor-element elementor-element-1aed0c15\" data-id=\"1aed0c15\" data-element_type=\"column\" data-e-type=\"column\">\n\t\t\t<div class=\"elementor-widget-wrap elementor-element-populated\">\n\t\t\t\t\t\t<div class=\"elementor-element elementor-element-8cf7681 elementor-widget elementor-widget-image\" data-id=\"8cf7681\" data-element_type=\"widget\" data-e-type=\"widget\" data-widget_type=\"image.default\">\n\t\t\t\t\t\t\t\t\t\t\t\t\t\t\t\t<a href=\"\/wp-content\/uploads\/2025\/11\/tlo-2026-7.jpg\" target=\"_blank\">\n\t\t\t\t\t\t\t<img decoding=\"async\" src=\"https:\/\/www.szkolenieparalotniowe.pl\/wp-content\/uploads\/2025\/11\/tlo-2026-7.jpg\" class=\"attachment-full size-full wp-image-9190\" alt=\"\" \/>\t\t\t\t\t\t\t\t<\/a>\n\t\t\t\t\t\t\t\t\t\t\t\t\t\t\t<\/div>\n\t\t\t\t\t<\/div>\n\t\t<\/div>\n\t\t\t\t\t<\/div>\n\t\t<\/section>\n\t\t\t\t<\/div>\n\t\t","protected":false},"excerpt":{"rendered":"","protected":false},"author":1,"featured_media":0,"parent":0,"menu_order":0,"comment_status":"closed","ping_status":"closed","template":"page-full-width.php","meta":{"footnotes":""},"class_list":["post-9204","page","type-page","status-publish","hentry"],"yoast_head":"<!-- This site is optimized with the Yoast SEO plugin v27.5 - https:\/\/yoast.com\/product\/yoast-seo-wordpress\/ -->\n<title>Terminarz - Kursy Szkolenia Paralotniowe Lotyparalotnia.pl<\/title>\n<meta name=\"description\" content=\"Terminarz szkole\u0144 aby zdoby\u0107 uprawnienia oraz na wyjazdy paralotniowe doszkalaj\u0105ce w zakresie termiki i lot\u00f3w \u017caglowych.\" \/>\n<meta name=\"robots\" content=\"index, follow, max-snippet:-1, max-image-preview:large, max-video-preview:-1\" \/>\n<link rel=\"canonical\" href=\"https:\/\/www.szkolenieparalotniowe.pl\/index.php\/terminarz\/\" \/>\n<meta property=\"og:locale\" content=\"pl_PL\" \/>\n<meta property=\"og:type\" content=\"article\" \/>\n<meta property=\"og:title\" content=\"Terminarz - Kursy Szkolenia Paralotniowe Lotyparalotnia.pl\" \/>\n<meta property=\"og:description\" content=\"Terminarz szkole\u0144 aby zdoby\u0107 uprawnienia oraz na wyjazdy paralotniowe doszkalaj\u0105ce w zakresie termiki i lot\u00f3w \u017caglowych.\" \/>\n<meta property=\"og:url\" content=\"https:\/\/www.szkolenieparalotniowe.pl\/index.php\/terminarz\/\" \/>\n<meta property=\"og:site_name\" content=\"Kursy Szkolenia Paralotniowe Lotyparalotnia.pl\" \/>\n<meta property=\"article:modified_time\" content=\"2025-12-05T13:56:14+00:00\" \/>\n<meta property=\"og:image\" content=\"http:\/\/www.szkolenieparalotniowe.pl\/wp-content\/uploads\/2025\/11\/tlo-2026-7.jpg\" \/>\n<meta name=\"twitter:card\" content=\"summary_large_image\" \/>\n<meta name=\"twitter:label1\" content=\"Szacowany czas czytania\" \/>\n\t<meta name=\"twitter:data1\" content=\"1 minuta\" \/>\n<script type=\"application\/ld+json\" class=\"yoast-schema-graph\">{\"@context\":\"https:\\\/\\\/schema.org\",\"@graph\":[{\"@type\":\"WebPage\",\"@id\":\"https:\\\/\\\/www.szkolenieparalotniowe.pl\\\/index.php\\\/terminarz\\\/\",\"url\":\"https:\\\/\\\/www.szkolenieparalotniowe.pl\\\/index.php\\\/terminarz\\\/\",\"name\":\"Terminarz - Kursy Szkolenia Paralotniowe Lotyparalotnia.pl\",\"isPartOf\":{\"@id\":\"https:\\\/\\\/www.szkolenieparalotniowe.pl\\\/#website\"},\"primaryImageOfPage\":{\"@id\":\"https:\\\/\\\/www.szkolenieparalotniowe.pl\\\/index.php\\\/terminarz\\\/#primaryimage\"},\"image\":{\"@id\":\"https:\\\/\\\/www.szkolenieparalotniowe.pl\\\/index.php\\\/terminarz\\\/#primaryimage\"},\"thumbnailUrl\":\"http:\\\/\\\/www.szkolenieparalotniowe.pl\\\/wp-content\\\/uploads\\\/2025\\\/11\\\/tlo-2026-7.jpg\",\"datePublished\":\"2023-05-26T12:27:39+00:00\",\"dateModified\":\"2025-12-05T13:56:14+00:00\",\"description\":\"Terminarz szkole\u0144 aby zdoby\u0107 uprawnienia oraz na wyjazdy paralotniowe doszkalaj\u0105ce w zakresie termiki i lot\u00f3w \u017caglowych.\",\"breadcrumb\":{\"@id\":\"https:\\\/\\\/www.szkolenieparalotniowe.pl\\\/index.php\\\/terminarz\\\/#breadcrumb\"},\"inLanguage\":\"pl-PL\",\"potentialAction\":[{\"@type\":\"ReadAction\",\"target\":[\"https:\\\/\\\/www.szkolenieparalotniowe.pl\\\/index.php\\\/terminarz\\\/\"]}]},{\"@type\":\"ImageObject\",\"inLanguage\":\"pl-PL\",\"@id\":\"https:\\\/\\\/www.szkolenieparalotniowe.pl\\\/index.php\\\/terminarz\\\/#primaryimage\",\"url\":\"http:\\\/\\\/www.szkolenieparalotniowe.pl\\\/wp-content\\\/uploads\\\/2025\\\/11\\\/tlo-2026-7.jpg\",\"contentUrl\":\"http:\\\/\\\/www.szkolenieparalotniowe.pl\\\/wp-content\\\/uploads\\\/2025\\\/11\\\/tlo-2026-7.jpg\"},{\"@type\":\"BreadcrumbList\",\"@id\":\"https:\\\/\\\/www.szkolenieparalotniowe.pl\\\/index.php\\\/terminarz\\\/#breadcrumb\",\"itemListElement\":[{\"@type\":\"ListItem\",\"position\":1,\"name\":\"Strona g\u0142\u00f3wna\",\"item\":\"https:\\\/\\\/www.szkolenieparalotniowe.pl\\\/\"},{\"@type\":\"ListItem\",\"position\":2,\"name\":\"Terminarz\"}]},{\"@type\":\"WebSite\",\"@id\":\"https:\\\/\\\/www.szkolenieparalotniowe.pl\\\/#website\",\"url\":\"https:\\\/\\\/www.szkolenieparalotniowe.pl\\\/\",\"name\":\"Kursy Szkolenia Paralotniowe Lotyparalotnia.pl\",\"description\":\"\",\"publisher\":{\"@id\":\"https:\\\/\\\/www.szkolenieparalotniowe.pl\\\/#organization\"},\"potentialAction\":[{\"@type\":\"SearchAction\",\"target\":{\"@type\":\"EntryPoint\",\"urlTemplate\":\"https:\\\/\\\/www.szkolenieparalotniowe.pl\\\/?s={search_term_string}\"},\"query-input\":{\"@type\":\"PropertyValueSpecification\",\"valueRequired\":true,\"valueName\":\"search_term_string\"}}],\"inLanguage\":\"pl-PL\"},{\"@type\":\"Organization\",\"@id\":\"https:\\\/\\\/www.szkolenieparalotniowe.pl\\\/#organization\",\"name\":\"Lotyparalotnia.pl\",\"url\":\"https:\\\/\\\/www.szkolenieparalotniowe.pl\\\/\",\"logo\":{\"@type\":\"ImageObject\",\"inLanguage\":\"pl-PL\",\"@id\":\"https:\\\/\\\/www.szkolenieparalotniowe.pl\\\/#\\\/schema\\\/logo\\\/image\\\/\",\"url\":\"https:\\\/\\\/www.szkolenieparalotniowe.pl\\\/wp-content\\\/uploads\\\/2025\\\/12\\\/cropped-favicon.png\",\"contentUrl\":\"https:\\\/\\\/www.szkolenieparalotniowe.pl\\\/wp-content\\\/uploads\\\/2025\\\/12\\\/cropped-favicon.png\",\"width\":512,\"height\":512,\"caption\":\"Lotyparalotnia.pl\"},\"image\":{\"@id\":\"https:\\\/\\\/www.szkolenieparalotniowe.pl\\\/#\\\/schema\\\/logo\\\/image\\\/\"}}]}<\/script>\n<!-- \/ Yoast SEO plugin. -->","yoast_head_json":{"title":"Terminarz - Kursy Szkolenia Paralotniowe Lotyparalotnia.pl","description":"Terminarz szkole\u0144 aby zdoby\u0107 uprawnienia oraz na wyjazdy paralotniowe doszkalaj\u0105ce w zakresie termiki i lot\u00f3w \u017caglowych.","robots":{"index":"index","follow":"follow","max-snippet":"max-snippet:-1","max-image-preview":"max-image-preview:large","max-video-preview":"max-video-preview:-1"},"canonical":"https:\/\/www.szkolenieparalotniowe.pl\/index.php\/terminarz\/","og_locale":"pl_PL","og_type":"article","og_title":"Terminarz - Kursy Szkolenia Paralotniowe Lotyparalotnia.pl","og_description":"Terminarz szkole\u0144 aby zdoby\u0107 uprawnienia oraz na wyjazdy paralotniowe doszkalaj\u0105ce w zakresie termiki i lot\u00f3w \u017caglowych.","og_url":"https:\/\/www.szkolenieparalotniowe.pl\/index.php\/terminarz\/","og_site_name":"Kursy Szkolenia Paralotniowe Lotyparalotnia.pl","article_modified_time":"2025-12-05T13:56:14+00:00","og_image":[{"url":"http:\/\/www.szkolenieparalotniowe.pl\/wp-content\/uploads\/2025\/11\/tlo-2026-7.jpg","type":"","width":"","height":""}],"twitter_card":"summary_large_image","twitter_misc":{"Szacowany czas czytania":"1 minuta"},"schema":{"@context":"https:\/\/schema.org","@graph":[{"@type":"WebPage","@id":"https:\/\/www.szkolenieparalotniowe.pl\/index.php\/terminarz\/","url":"https:\/\/www.szkolenieparalotniowe.pl\/index.php\/terminarz\/","name":"Terminarz - Kursy Szkolenia Paralotniowe Lotyparalotnia.pl","isPartOf":{"@id":"https:\/\/www.szkolenieparalotniowe.pl\/#website"},"primaryImageOfPage":{"@id":"https:\/\/www.szkolenieparalotniowe.pl\/index.php\/terminarz\/#primaryimage"},"image":{"@id":"https:\/\/www.szkolenieparalotniowe.pl\/index.php\/terminarz\/#primaryimage"},"thumbnailUrl":"http:\/\/www.szkolenieparalotniowe.pl\/wp-content\/uploads\/2025\/11\/tlo-2026-7.jpg","datePublished":"2023-05-26T12:27:39+00:00","dateModified":"2025-12-05T13:56:14+00:00","description":"Terminarz szkole\u0144 aby zdoby\u0107 uprawnienia oraz na wyjazdy paralotniowe doszkalaj\u0105ce w zakresie termiki i lot\u00f3w \u017caglowych.","breadcrumb":{"@id":"https:\/\/www.szkolenieparalotniowe.pl\/index.php\/terminarz\/#breadcrumb"},"inLanguage":"pl-PL","potentialAction":[{"@type":"ReadAction","target":["https:\/\/www.szkolenieparalotniowe.pl\/index.php\/terminarz\/"]}]},{"@type":"ImageObject","inLanguage":"pl-PL","@id":"https:\/\/www.szkolenieparalotniowe.pl\/index.php\/terminarz\/#primaryimage","url":"http:\/\/www.szkolenieparalotniowe.pl\/wp-content\/uploads\/2025\/11\/tlo-2026-7.jpg","contentUrl":"http:\/\/www.szkolenieparalotniowe.pl\/wp-content\/uploads\/2025\/11\/tlo-2026-7.jpg"},{"@type":"BreadcrumbList","@id":"https:\/\/www.szkolenieparalotniowe.pl\/index.php\/terminarz\/#breadcrumb","itemListElement":[{"@type":"ListItem","position":1,"name":"Strona g\u0142\u00f3wna","item":"https:\/\/www.szkolenieparalotniowe.pl\/"},{"@type":"ListItem","position":2,"name":"Terminarz"}]},{"@type":"WebSite","@id":"https:\/\/www.szkolenieparalotniowe.pl\/#website","url":"https:\/\/www.szkolenieparalotniowe.pl\/","name":"Kursy Szkolenia Paralotniowe Lotyparalotnia.pl","description":"","publisher":{"@id":"https:\/\/www.szkolenieparalotniowe.pl\/#organization"},"potentialAction":[{"@type":"SearchAction","target":{"@type":"EntryPoint","urlTemplate":"https:\/\/www.szkolenieparalotniowe.pl\/?s={search_term_string}"},"query-input":{"@type":"PropertyValueSpecification","valueRequired":true,"valueName":"search_term_string"}}],"inLanguage":"pl-PL"},{"@type":"Organization","@id":"https:\/\/www.szkolenieparalotniowe.pl\/#organization","name":"Lotyparalotnia.pl","url":"https:\/\/www.szkolenieparalotniowe.pl\/","logo":{"@type":"ImageObject","inLanguage":"pl-PL","@id":"https:\/\/www.szkolenieparalotniowe.pl\/#\/schema\/logo\/image\/","url":"https:\/\/www.szkolenieparalotniowe.pl\/wp-content\/uploads\/2025\/12\/cropped-favicon.png","contentUrl":"https:\/\/www.szkolenieparalotniowe.pl\/wp-content\/uploads\/2025\/12\/cropped-favicon.png","width":512,"height":512,"caption":"Lotyparalotnia.pl"},"image":{"@id":"https:\/\/www.szkolenieparalotniowe.pl\/#\/schema\/logo\/image\/"}}]}},"_links":{"self":[{"href":"https:\/\/www.szkolenieparalotniowe.pl\/index.php\/wp-json\/wp\/v2\/pages\/9204","targetHints":{"allow":["GET"]}}],"collection":[{"href":"https:\/\/www.szkolenieparalotniowe.pl\/index.php\/wp-json\/wp\/v2\/pages"}],"about":[{"href":"https:\/\/www.szkolenieparalotniowe.pl\/index.php\/wp-json\/wp\/v2\/types\/page"}],"author":[{"embeddable":true,"href":"https:\/\/www.szkolenieparalotniowe.pl\/index.php\/wp-json\/wp\/v2\/users\/1"}],"replies":[{"embeddable":true,"href":"https:\/\/www.szkolenieparalotniowe.pl\/index.php\/wp-json\/wp\/v2\/comments?post=9204"}],"version-history":[{"count":10,"href":"https:\/\/www.szkolenieparalotniowe.pl\/index.php\/wp-json\/wp\/v2\/pages\/9204\/revisions"}],"predecessor-version":[{"id":9215,"href":"https:\/\/www.szkolenieparalotniowe.pl\/index.php\/wp-json\/wp\/v2\/pages\/9204\/revisions\/9215"}],"wp:attachment":[{"href":"https:\/\/www.szkolenieparalotniowe.pl\/index.php\/wp-json\/wp\/v2\/media?parent=9204"}],"curies":[{"name":"wp","href":"https:\/\/api.w.org\/{rel}","templated":true}]}}